{"id":61,"date":"2017-01-23T19:07:00","date_gmt":"2017-01-23T18:07:00","guid":{"rendered":"https:\/\/binar-serwis.pl\/?page_id=61"},"modified":"2017-03-08T08:41:22","modified_gmt":"2017-03-08T07:41:22","slug":"serwis","status":"publish","type":"page","link":"https:\/\/binar-serwis.pl\/index.php\/serwis\/","title":{"rendered":"SERWIS"},"content":{"rendered":"<p>[et_pb_section admin_label=&#8221;section&#8221; global_module=&#8221;51&#8243; transparent_background=&#8221;on&#8221; allow_player_pause=&#8221;off&#8221; inner_shadow=&#8221;off&#8221; parallax=&#8221;off&#8221; parallax_method=&#8221;off&#8221; custom_padding=&#8221;0px||0px|&#8221; padding_mobile=&#8221;off&#8221; make_fullwidth=&#8221;off&#8221; use_custom_width=&#8221;off&#8221; width_unit=&#8221;on&#8221; make_equal=&#8221;off&#8221; use_custom_gutter=&#8221;off&#8221; disabled=&#8221;off&#8221;][et_pb_row global_parent=&#8221;51&#8243; admin_label=&#8221;row&#8221; make_fullwidth=&#8221;off&#8221; use_custom_width=&#8221;off&#8221; width_unit=&#8221;on&#8221; custom_width_px=&#8221;1080px&#8221; custom_width_percent=&#8221;80%&#8221; use_custom_gutter=&#8221;off&#8221; gutter_width=&#8221;3&#8243; custom_padding=&#8221;0px||0px|&#8221; padding_mobile=&#8221;off&#8221; custom_margin=&#8221;0px||0px|&#8221; allow_player_pause=&#8221;off&#8221; parallax=&#8221;off&#8221; parallax_method=&#8221;off&#8221; make_equal=&#8221;off&#8221; column_padding_mobile=&#8221;on&#8221; parallax_1=&#8221;off&#8221; parallax_method_1=&#8221;off&#8221; parallax_2=&#8221;off&#8221; parallax_method_2=&#8221;on&#8221; parallax_3=&#8221;off&#8221; parallax_method_3=&#8221;on&#8221; parallax_4=&#8221;off&#8221; parallax_method_4=&#8221;on&#8221; disabled=&#8221;off&#8221;][et_pb_column type=&#8221;4_4&#8243;][et_pb_slider global_parent=&#8221;51&#8243; admin_label=&#8221;Slider&#8221; show_arrows=&#8221;on&#8221; show_pagination=&#8221;off&#8221; auto=&#8221;on&#8221; auto_speed=&#8221;3000&#8243; auto_ignore_hover=&#8221;off&#8221; parallax=&#8221;off&#8221; parallax_method=&#8221;off&#8221; remove_inner_shadow=&#8221;off&#8221; background_position=&#8221;default&#8221; background_size=&#8221;default&#8221; hide_content_on_mobile=&#8221;off&#8221; hide_cta_on_mobile=&#8221;off&#8221; show_image_video_mobile=&#8221;off&#8221; custom_button=&#8221;off&#8221; button_text_size=&#8221;20&#8243; button_letter_spacing=&#8221;0&#8243; button_use_icon=&#8221;default&#8221; button_icon_placement=&#8221;right&#8221; button_on_hover=&#8221;on&#8221; button_letter_spacing_hover=&#8221;0&#8243; disabled=&#8221;off&#8221;] [et_pb_slide button_link=&#8221;#&#8221; background_image=&#8221;https:\/\/binar-serwis.pl\/wp-content\/uploads\/2017\/02\/slider1.png&#8221; background_position=&#8221;default&#8221; background_size=&#8221;default&#8221; background_color=&#8221;#ffffff&#8221; use_bg_overlay=&#8221;off&#8221; use_text_overlay=&#8221;off&#8221; alignment=&#8221;center&#8221; background_layout=&#8221;dark&#8221; allow_player_pause=&#8221;off&#8221; text_border_radius=&#8221;3&#8243; header_font=&#8221;||||&#8221; body_font=&#8221;||||&#8221; custom_button=&#8221;off&#8221; button_font=&#8221;||||&#8221; button_use_icon=&#8221;default&#8221; button_icon_placement=&#8221;right&#8221; button_on_hover=&#8221;on&#8221; disabled=&#8221;off&#8221;] [\/et_pb_slide][et_pb_slide button_link=&#8221;#&#8221; background_image=&#8221;https:\/\/binar-serwis.pl\/wp-content\/uploads\/2017\/02\/slider2.png&#8221; background_position=&#8221;default&#8221; background_size=&#8221;default&#8221; background_color=&#8221;#ffffff&#8221; use_bg_overlay=&#8221;off&#8221; use_text_overlay=&#8221;off&#8221; alignment=&#8221;center&#8221; background_layout=&#8221;dark&#8221; allow_player_pause=&#8221;off&#8221; text_border_radius=&#8221;3&#8243; header_font=&#8221;||||&#8221; body_font=&#8221;||||&#8221; custom_button=&#8221;off&#8221; button_font=&#8221;||||&#8221; button_use_icon=&#8221;default&#8221; button_icon_placement=&#8221;right&#8221; button_on_hover=&#8221;on&#8221; disabled=&#8221;off&#8221;] [\/et_pb_slide][et_pb_slide button_link=&#8221;#&#8221; background_image=&#8221;https:\/\/binar-serwis.pl\/wp-content\/uploads\/2017\/01\/slider3.png&#8221; background_position=&#8221;default&#8221; background_size=&#8221;default&#8221; background_color=&#8221;#ffffff&#8221; use_bg_overlay=&#8221;off&#8221; use_text_overlay=&#8221;off&#8221; alignment=&#8221;center&#8221; background_layout=&#8221;dark&#8221; allow_player_pause=&#8221;off&#8221; text_border_radius=&#8221;3&#8243; header_font=&#8221;||||&#8221; body_font=&#8221;||||&#8221; custom_button=&#8221;off&#8221; button_font=&#8221;||||&#8221; button_use_icon=&#8221;default&#8221; button_icon_placement=&#8221;right&#8221; button_on_hover=&#8221;on&#8221; disabled=&#8221;off&#8221;] [\/et_pb_slide] [\/et_pb_slider][\/et_pb_column][\/et_pb_row][\/et_pb_section][et_pb_section admin_label=&#8221;section&#8221; transparent_background=&#8221;on&#8221; allow_player_pause=&#8221;off&#8221; inner_shadow=&#8221;off&#8221; parallax=&#8221;off&#8221; parallax_method=&#8221;off&#8221; custom_padding=&#8221;50px|0px|53px|0px&#8221; padding_mobile=&#8221;off&#8221; make_fullwidth=&#8221;off&#8221; use_custom_width=&#8221;off&#8221; width_unit=&#8221;on&#8221; custom_width_px=&#8221;1080px&#8221; custom_width_percent=&#8221;80%&#8221; make_equal=&#8221;off&#8221; use_custom_gutter=&#8221;off&#8221; fullwidth=&#8221;off&#8221; specialty=&#8221;off&#8221; disabled=&#8221;off&#8221;][et_pb_row admin_label=&#8221;row&#8221; global_module=&#8221;141&#8243; make_fullwidth=&#8221;off&#8221; use_custom_width=&#8221;off&#8221; width_unit=&#8221;off&#8221; custom_width_px=&#8221;1080px&#8221; custom_width_percent=&#8221;80%&#8221; use_custom_gutter=&#8221;off&#8221; gutter_width=&#8221;3&#8243; custom_padding=&#8221;25.25px|0px|27px|0px&#8221; padding_mobile=&#8221;off&#8221; allow_player_pause=&#8221;off&#8221; parallax=&#8221;off&#8221; parallax_method=&#8221;on&#8221; make_equal=&#8221;off&#8221; column_padding_mobile=&#8221;on&#8221; parallax_1=&#8221;off&#8221; parallax_method_1=&#8221;on&#8221; parallax_2=&#8221;off&#8221; parallax_method_2=&#8221;on&#8221; parallax_3=&#8221;off&#8221; parallax_method_3=&#8221;on&#8221; parallax_4=&#8221;off&#8221; parallax_method_4=&#8221;on&#8221; disabled=&#8221;off&#8221;][et_pb_column type=&#8221;4_4&#8243;][et_pb_text global_parent=&#8221;141&#8243; admin_label=&#8221;Tekst&#8221; background_layout=&#8221;dark&#8221; text_orientation=&#8221;left&#8221; use_border_color=&#8221;off&#8221; border_style=&#8221;solid&#8221; disabled=&#8221;off&#8221;]<\/p>\n<h1><span style=\"color: #ee1c25;\"><strong>Serwis<\/strong><\/span><\/h1>\n<p>Prowadzimy profesjonalny serwis sprz\u0119tu ogrodniczego, elektronarz\u0119dzi oraz lekkich maszyn budowlanych.<\/p>\n<p>Wykonujemy przegl\u0105dy okresowe glebogryzarek, zag\u0119szczarek, kosiarek, pilarek i kos spalinowych.<\/p>\n<p>Serwisujemy i remontujemy wi\u0119kszo\u015b\u0107 dost\u0119pnych na naszym rynku urz\u0105dze\u0144, w tym spalinowych urz\u0105dze\u0144 ogrodowych dost\u0119pnych w marketach.<\/p>\n<p>&nbsp;<\/p>\n<p>Posiadamy uprawnienia do wykonywania przegl\u0105d\u00f3w i przeprowadzania <strong><span style=\"color: #e02b20;\">napraw gwarancyjnych<\/span><\/strong> urz\u0105dze\u0144 firm:<\/p>\n<p style=\"text-align: center;\">&#8211; NAC<\/p>\n<p style=\"text-align: center;\">&#8211; Hyundai<\/p>\n<p style=\"text-align: center;\">&#8211; ursus<\/p>\n<p style=\"text-align: center;\">&#8211; oleo Mac<\/p>\n<p style=\"text-align: center;\">&#8211; Hecht<\/p>\n<p style=\"text-align: left;\">W ci\u0105g\u0142ej sprzeda\u017cy posiadamy szerok\u0105 gam\u0119 cz\u0119\u015bci zamiennych niezb\u0119dn\u0105 do przeprowadzenia szybkiej i fachwej naprawy. Posiadamy niezb\u0119dne narz\u0119dzia serwisowe: mierniki , wtestery uk\u0142ad\u00f3w zap\u0142onowych, elektroniczne rgulatory obrot\u00f3w, wywa\u017carki no\u017cy, maszyny do prostowania wa\u0142\u00f3w korboych. \u00a0Dzi\u0119ki regularnym szkoleniom szybko i w przyst\u0119pnej cenie naprawimy Twoje urz\u0105dzenia.<\/p>\n<p style=\"text-align: left;\">\n<p style=\"text-align: left;\">\n<p style=\"text-align: left;\">ZACH\u0118CAMY DO <strong><span style=\"color: #e02b20;\">PRZEGL\u0104D\u00d3W OKRESOWYCH<\/span><\/strong> KOSIAREK I KOS SPALINOWYCH, KT\u00d3RE W ZNACZ\u0104CY SPOS\u00d3B WYD\u0141U\u017bAJ\u0104 \u017bYWOTNO\u015a\u0106 MASZYN.<\/p>\n<p>[\/et_pb_text][\/et_pb_column][\/et_pb_row][\/et_pb_section][et_pb_section admin_label=&#8221;Sekcja&#8221; global_module=&#8221;52&#8243; fullwidth=&#8221;off&#8221; specialty=&#8221;off&#8221; transparent_background=&#8221;off&#8221; allow_player_pause=&#8221;off&#8221; inner_shadow=&#8221;off&#8221; parallax=&#8221;off&#8221; parallax_method=&#8221;off&#8221; padding_mobile=&#8221;off&#8221; make_fullwidth=&#8221;off&#8221; use_custom_width=&#8221;off&#8221; width_unit=&#8221;on&#8221; make_equal=&#8221;off&#8221; use_custom_gutter=&#8221;off&#8221;][et_pb_row global_parent=&#8221;52&#8243; admin_label=&#8221;Wiersz&#8221;][et_pb_column type=&#8221;4_4&#8243;][et_pb_text global_parent=&#8221;52&#8243; admin_label=&#8221;Tekst&#8221; background_layout=&#8221;light&#8221; text_orientation=&#8221;center&#8221; use_border_color=&#8221;off&#8221; border_color=&#8221;#ffffff&#8221; border_style=&#8221;solid&#8221;]<\/p>\n<h3 style=\"text-align: center;\"><strong>Chcesz zada\u0107 pytanie lub potrzebujesz porady?<\/strong><\/h3>\n<p>[\/et_pb_text][et_pb_button global_parent=&#8221;52&#8243; admin_label=&#8221;Przycisk&#8221; url_new_window=&#8221;off&#8221; button_text=&#8221;Napisz do nas&#8221; button_alignment=&#8221;center&#8221; background_layout=&#8221;dark&#8221; custom_button=&#8221;on&#8221; button_text_color=&#8221;#ffffff&#8221; button_bg_color=&#8221;#ee1c25&#8243; button_border_width=&#8221;0&#8243; button_border_radius=&#8221;25&#8243; button_letter_spacing=&#8221;0&#8243; button_use_icon=&#8221;default&#8221; button_icon_placement=&#8221;right&#8221; button_on_hover=&#8221;on&#8221; button_letter_spacing_hover=&#8221;0&#8243; button_text_size=&#8221;18&#8243;] [\/et_pb_button][et_pb_text global_parent=&#8221;52&#8243; admin_label=&#8221;Tekst&#8221; background_layout=&#8221;light&#8221; text_orientation=&#8221;center&#8221; use_border_color=&#8221;off&#8221; border_color=&#8221;#ffffff&#8221; border_style=&#8221;solid&#8221;]<\/p>\n<h5 style=\"text-align: center;\"><strong>Obserwuj nas<\/strong><\/h5>\n<p style=\"text-align: center;\"><a href=\"https:\/\/www.facebook.com\/binarserwis\/\" target=\"_blank\"><img loading=\"lazy\" decoding=\"async\" class=\"alignnone  wp-image-50\" src=\"https:\/\/binar-serwis.pl\/wp-content\/uploads\/2017\/01\/face.png\" alt=\"\" width=\"40\" height=\"40\" \/><\/a><\/p>\n<p>[\/et_pb_text][\/et_pb_column][\/et_pb_row][\/et_pb_section]<\/p>\n","protected":false},"excerpt":{"rendered":"<p>Serwis Prowadzimy profesjonalny serwis sprz\u0119tu ogrodniczego, elektronarz\u0119dzi oraz lekkich maszyn budowlanych. Wykonujemy przegl\u0105dy okresowe glebogryzarek, zag\u0119szczarek, kosiarek, pilarek i kos spalinowych. Serwisujemy i remontujemy wi\u0119kszo\u015b\u0107 dost\u0119pnych na naszym rynku urz\u0105dze\u0144, w tym spalinowych urz\u0105dze\u0144 ogrodowych dost\u0119pnych w marketach. &nbsp; Posiadamy uprawnienia do wykonywania przegl\u0105d\u00f3w i przeprowadzania napraw gwarancyjnych urz\u0105dze\u0144 firm: &#8211; NAC &#8211; Hyundai &#8211; [&hellip;]<\/p>\n","protected":false},"author":1,"featured_media":0,"parent":0,"menu_order":0,"comment_status":"closed","ping_status":"closed","template":"","meta":{"_et_pb_use_builder":"on","_et_pb_old_content":"","_et_gb_content_width":"","footnotes":""},"class_list":["post-61","page","type-page","status-publish","hentry"],"_links":{"self":[{"href":"https:\/\/binar-serwis.pl\/index.php\/wp-json\/wp\/v2\/pages\/61"}],"collection":[{"href":"https:\/\/binar-serwis.pl\/index.php\/wp-json\/wp\/v2\/pages"}],"about":[{"href":"https:\/\/binar-serwis.pl\/index.php\/wp-json\/wp\/v2\/types\/page"}],"author":[{"embeddable":true,"href":"https:\/\/binar-serwis.pl\/index.php\/wp-json\/wp\/v2\/users\/1"}],"replies":[{"embeddable":true,"href":"https:\/\/binar-serwis.pl\/index.php\/wp-json\/wp\/v2\/comments?post=61"}],"version-history":[{"count":0,"href":"https:\/\/binar-serwis.pl\/index.php\/wp-json\/wp\/v2\/pages\/61\/revisions"}],"wp:attachment":[{"href":"https:\/\/binar-serwis.pl\/index.php\/wp-json\/wp\/v2\/media?parent=61"}],"curies":[{"name":"wp","href":"https:\/\/api.w.org\/{rel}","templated":true}]}}